 of 4 and q.
4
Let z(u) = u**3 + 8*u**2 - 10*u + 5. Let r(q) = q**3 - 6*q**2 + 5*q + 3. Let t be r(4). Let y be z(t). What is the highest common factor of 7 and y?
7
Let y = -3 - 5. Let a(x) = -8*x - 11. Let g be a(y). Suppose -1 = 4*p - g. What is the greatest common factor of 143 and p?
13
Let l be -3 + 4 + (3 - -6). Let s be 0 + 0 + 4 + -2. What is the greatest common divisor of l and s?
2
Let h(m) = -m**3 - 11*m**2 - 14*m - 5. Let s be h(-10). Calculate the highest common divisor of s and 70.
35
Suppose -3*a = 12, -4*i + 2*a = -2*i - 66. Let s = i + -15. Suppose 2*c - 14 - s = 0. Calculate the greatest common divisor of c and 21.
7
Suppose 4*i - 47 = 2*f + 3, 95 = 5*i + 4*f. Let g be (-6)/i + 12/5. Let b be (-28)/(-5) - g/(-5). What is the greatest common divisor of 30 and b?
6
Let m be 1/(-3) + 1 - (-76)/(-6). Let s be (-10)/1*18/5. Let p = m - s. Calculate the highest common divisor of 6 and p.
6
Let w(q) = -q**2 - 6*q - 1. Let m be w(-3). Calculate the highest common divisor of m and 24.
8
Suppose -3*l - 279 = -2*k, k - 3*l = -4*l + 132. Let i = -16 + 43. What is the highest common factor of k and i?
27
Let t be ((-8)/(-28))/(2/14). Let h be (7/(-2))/((-1)/t). What is the highest common divisor of 7 and h?
7
Let t(c) = 7*c**2 + 3*c - 9. Let s be t(-6). Suppose -5*d + 10*d - s = 0. What is the greatest common divisor of d and 15?
15
Let u(f) = f**2 + f + 152. Let n be u(0). Suppose 5*r = -3*p + 68 + 36, -4*r + 91 = 5*p. Calculate the greatest common divisor of r and n.
19
Suppose -5*q - 276 = 5*k + 159, -k - 2*q - 82 = 0. Let h = 155 + k. What is the greatest common divisor of h and 21?
21
Let v = 43 - 36. Suppose -2 + 6 = 4*g, 2*g - 50 = -4*f. Let u = f - v. Calculate the greatest common factor of u and 5.
5
Let s(a) = 32*a. Let w be s(1). Let d(k) = k + 8. Let o be d(-6). Suppose o*r - 19 = 13. What is the greatest common divisor of w and r?
16
Let j(l) = -l**2 + 7*l - 3. Let k be j(6). Let y = k - 6. Let s = 30 + y. What is the highest common factor of 3 and s?
3
Let r be (-460)/(-3) + (24/9)/(-8). What is the highest common factor of 17 and r?
17
Suppose 4*q - 7 = 5. Let a be (-10)/(-3) + (-1)/q. What is the highest common factor of 12 and a?
3
Suppose 4*j = 3*k + 13, -j = 5*k + 2*j - 17. Let i = -229 - -230. What is the greatest common divisor of i and k?
1
Let h(j) = 20*j. Let k be h(3). What is the greatest common factor of 12 and k?
12
Let p(m) = -m**3 - m**2 + 2*m + 15. Let t be p(0). Calculate the greatest common factor of t and 15.
15
Let v(s) = -8*s - 9. Let j be v(-8). What is the highest common factor of 22 and j?
11
Let o(n) = 12*n**3 + n + 1 - 2*n**2 - 1. Let u be o(1). Suppose 2*p = c + 17, 3*p + c + 0*c - 38 = 0. What is the greatest common factor of u and p?
11
Suppose 2*y - 6 = 26. What is the greatest common divisor of 128 and y?
16
Let n(y) = -y + 13. Let t be n(12). Suppose -3*h + 11 + 0 = -5*d, 4*h - 5*d = 18. Calculate the greatest common factor of h and t.
1
Suppose 3*m = -a + 18, -2*m - a - 31 = -6*m. Let u = -19 + 61. Calculate the highest common divisor of m and u.
7
Let a = -40 - -58. Suppose 0 = w - 2*d + 6*d - a, 0 = -5*d + 5. Calculate the highest common divisor of w and 42.
14
Let u = -11 - -17. Suppose s + 30 = 4*s. Suppose -5*b + s = 0, y + 4*y + 3*b = 36. What is the highest common divisor of y and u?
6
Suppose 120 = 4*o - 4*t, -102 = -2*o - o - t. Suppose -i - 4*k + 34 = 0, -4*k - 51 = -3*i + 3. What is the greatest common factor of o and i?
11
Let t = 47 + -15. Let o be (-33)/(-2)*t/6. What is the highest common factor of 8 and o?
8
Suppose -11*r + 7*r + 20 = 0. Suppose 202 + 38 = r*g. Calculate the greatest common factor of 32 and g.
16
Suppose 0 = -10*f + 601 - 91. Calculate the greatest common divisor of 51 and f.
51
Let s = 58 - 33. Suppose -52 = -2*h + 2*f, 2*h - s = f + 25. Calculate the greatest common divisor of 16 and h.
8
Suppose 0*m + 4*m = 36. Let g = -4 - -76. What is the highest common divisor of m and g?
9
Suppose -8*u + 3*u = 10. Let m be (-4)/5*495/u. Suppose 16 + 2 = p. What is the highest common divisor of p and m?
18
Let s(l) = 2*l**3 - 7*l**2 - l - 4. Let k be s(5). Suppose -k = -4*u - 6. Calculate the highest common factor of u and 3.
3
Let y be -5 - -3 - (-11 - -1). Suppose y*g - 95 = 3*g. What is the highest common factor of g and 19?
19
Let l be 7/1 - (-6 + 9). Suppose l = 3*m + 1. Calculate the greatest common divisor of m and 7.
1
Let t(q) = 3*q**3 - 4*q**2 + 2*q + 2. Let g be t(2). Suppose 0 = -5*k + 2*n, k - 3*n + 3 = -10. Calculate the greatest common factor of g and k.
2
Suppose 0*r + 156 = 5*r + 3*z, -4*z = -8. Let t be 6*(-1 - 13/(-3)). Calculate the highest common factor of t and r.
10
Suppose 42 = 7*w - 5*w. Calculate the highest common factor of 91 and w.
7
Let k(i) = -2*i - 7. Let x be k(-5). Let z be 1/1*-1 + x. Suppose 0 = -z*g + 6*g - 16. What is the greatest common divisor of 10 and g?
2
Suppose 2*t - 16 = -p, 3*p = 7*p - 4*t - 52. Let w = 170 - 72. What is the highest common factor of p and w?
14
Let l = -21 - -31. Suppose 0 = -4*m + 4*g + 8, -m + 4*g + 6 = g. Suppose -2*k = 4, m*k = f + 2*k - 1. Calculate the greatest common factor of l and f.
5
Let w = 64 + 16. Let o be -2 + (12 - 0) + 0. What is the greatest common divisor of o and w?
10
Let y = 223 + -151. What is the highest common factor of y and 9?
9
Let k(v) = v**2 - 16*v + 69. Let g be k(9). Calculate the highest common divisor of g and 102.
6
Let v = 9 - 8. Let l = v - -10. Suppose 101 = 5*j + l. Calculate the greatest common factor of 2 and j.
2
Let c(v) = 3*v**2 - 3*v - 3. Suppose -w + 13 = -5*d, 3 = -5*d - 5*w + 8. Let l be c(d). Let h = 32 - 17. Calculate the greatest common factor of l and h.
15
Suppose -6*l = -160 - 38. Calculate the greatest common factor of l and 264.
33
Let l = 3 + -3. Let i = l - 1. Let m be i/2*-26*1. What is the highest common divisor of m and 117?
13
Let k = -36 - -71. Suppose 5*i + 10 - 35 = 0. Suppose -4*c = -3*c - i. Calculate the highest common factor of k and c.
5
Let t be (-8)/(-6)*(-63)/(-6). Let y be (3*10)/3*62. Suppose 0 = -5*v + 2*s + y, -4*v + s + 605 = 106. Calculate the greatest common factor of v and t.
14
Let c = 5 - 9. Let l be 5 + 79 - c*1. Calculate the highest common factor of l and 8.
8
Let y(s) = -4*s - s**3 + 2 - 7 - 4 + 3 + 7*s**2. Let w be y(6). Calculate the highest common factor of w and 2.
2
Let p(t) = t**2 + 11*t - 11. Let x be p(-12). What is the greatest common factor of 11 and x?
1
Let u(k) = -51*k**3 + k**2 - k - 1. Let r be u(-1). Suppose -2*i + 2*w - 7 = -3*w, 3*i + 5*w - r = 0. What is the highest common factor of 45 and i?
9
Let f(i) = -i**2 - 2*i + 1. Let v be f(-3). Let k be v/(((-7)/(-6))/(-7)). Calculate the highest common divisor of k and 30.
6
Suppose 3*k + 7 = -q, 3*k - 3*q + 0*q - 9 = 0. Let z = k + 4. Calculate the highest common divisor of 6 and z.
3
Suppose -4*c - d + 91 = 0, d + 4 = c + 5*d. Calculate the greatest common divisor of 120 and c.
24
Suppose -2*m - 4 = 0, -3*m = 2*b - b - 1. Let h(w) = -2*w**3 + 30*w**2 - 46*w - 29. Let c be h(13). Calculate the greatest common factor of b and c.
7
Let g = 49 + -46. Let v(w) = w**3 + 5*w**2 - 4*w - 5. Let r be v(-5). What is the greatest common divisor of r and g?
3
Let u(p) = 32*p**2 + 4*p - 3. Let y be u(3). What is the greatest common divisor of 33 and y?
33
Let s be -1 - (1 - 20) - (47 + -43). Calculate the highest common factor of s and 28.
14
Suppose -4*d = -2*d - 18. What is the greatest common divisor of d and 45?
9
Let k be (1 - -4) + 0 - -1. Suppose -4*l = -4*d + 204, 0 = 2*d - 5*l - 82 - 11. What is the greatest common factor of k and d?
6
Let r be 41/2 + (-1)/(-2). Calculate the greatest common divisor of 3 and r.
3
Suppose 0 = -q + 4*q + 2*g - 37, 4*q - 2*g = 40. Calculate the highest common factor of q and 88.
11
Suppose 2*b - d - 18 = -b, 5*d = b - 20. Suppose 17 = -4*f + 4*n + 61, n = b*f - 35. What is the highest common divisor of f and 6?
6
Let a be 5*-2 - (-3 + 5). Let t = 13 + -22. Let c be (-5)/(-4) + t/a. What is the greatest common factor of c and 3?
1
Let v = 12 - 3. What is the highest common divisor of v and 6?
3
Let x(a) = -14*a + 7. Let z(v) = -5*v + 2. Let o(d) = -6*x(d) + 17*z(d). Let b be o(-5). Let w = 5 + b. Calculate the highest common f